
Suppose -214*h + 217*h = 543. What are the prime factors of h?
181
Let x(b) be the first derivative of -43*b**2/2 - 5*b + 21. What are the prime factors of x(-2)?
3
Let g = 6 - 12. Let u = 14 + g. What are the prime factors of u?
2
Suppose 102 = -a - 4*o, -2*a + 5*o - 199 = -21. Let c = -10 - a. Suppose q + 131 = 3*d, -49 = -3*d - q + c. What are the prime factors of d?
2, 11
What are the prime factors of (-1)/((-2)/10) + 1400/5?
3, 5, 19
Let l = 2702 + -1340. List the prime factors of l.
2, 3, 227
Let m = 113 - -329. What are the prime factors of m?
2, 13, 17
Suppose 3*q + p = -p + 752, 4*p + 976 = 4*q. Let a = q - 52. List the prime factors of a.
2, 7
Suppose -2*j + 3 = -5. Suppose -3*g = -j*g. Suppose -4*u + 78 + 34 = g. What are the prime factors of u?
2, 7
Let d = -1 + 1. Suppose -k + 3*v = -13, -2*v = -d*k + 5*k - 116. Suppose 3*z - k = -r + 23, -3*r = -4*z + 60. What are the prime factors of z?
3, 5
Let f = -111 - -108. What are the prime factors of f*(-1 + (-177)/9)?
2, 31
Suppose -2*i = 2*a - 612, -5*i = -5*a - 0*i + 1570. List the prime factors of a.
2, 5, 31
Let d = 4030 + -2771. List the prime factors of d.
1259
Let k(u) = -4*u - 20. Let v be k(-6). Let h be 18/24 + 1/v. List the prime factors of 25 + h - (2 + 1).
23
Let a = 10 - 13. Let l be (2 + 7)/(-2 - a). Let p(o) = -o**3 + 9*o**2 + 3*o. What are the prime factors of p(l)?
3
What are the prime factors of (-6)/9*200*18/(-15)?
2, 5
What are the prime factors of (7 + -11)*2/6*-564?
2, 47
Let q = 11381 - 7206. List the prime factors of q.
5, 167
Suppose -4*u = 2*m - 198, -4*u - 5*m - 67 = -274. Suppose -t = -35 - u. List the prime factors of t.
83
Let w be (-7)/42 - 278/(-12). Suppose -4*f + 63 = w. Suppose r - f - 4 = 0. What are the prime factors of r?
2, 7
Let p(l) = -l**2 - 20*l - 9. Suppose 6*j - 24 = 8*j. What are the prime factors of p(j)?
3, 29
Let j(l) = 25*l + 5. Let q = 7 - 3. Let z be j(q). Let t = z + -71. What are the prime factors of t?
2, 17
Suppose -67 = 3*b - 0*t - 2*t, 0 = 5*b - t + 107. List the prime factors of (-6)/b - (-2236)/14.
2, 5
Let o(b) = -2*b**2 + 14*b - 6. Let x be o(9). Let f = x + 65. What are the prime factors of f?
23
Let o = -140 + 61. Let p = -75 - o. What are the prime factors of p?
2
Let o = 73 + -67. List the prime factors of (108/2)/(8 - o).
3
Let a be 6/(-9) + (-49)/3. Let j(h) = -307*h - 306*h + 609*h - 27. List the prime factors of j(a).
41
Let v be (-7)/21 + (-1292)/(-6). Suppose -6*h = -h - v. Let l = h + -20. List the prime factors of l.
23
Let h(a) = 5*a**3 + 12*a**2 - 11*a + 4. Let j be h(-9). What are the prime factors of (-6)/14 + j/(-35)?
73
Suppose 5*y + 1329 = 3*j + 2*y, -2*j = -y - 883. List the prime factors of j.
2, 5, 11
Let a(j) = -54*j - 5. List the prime factors of a(-3).
157
Let j = 1 - -11. Let l(a) = a**2 - 13*a + 12. Let f be l(j). Suppose f = 4*r + 5*z - 137, -3*z = -5*r + 185 - 60. List the prime factors of r.
2, 7
Suppose 0*z + d = 3*z - 1130, -5*d = -4*z + 1525. What are the prime factors of z?
3, 5
Let k(z) = z**3 - 11*z**2 + 6*z + 3. Let q be k(10). What are the prime factors of (q/2)/((-15)/180)?
2, 3, 37
What are the prime factors of -5 + -6 + 8 - -2542?
2539
Suppose -5*z + 0*z - 5*x + 15 = 0, 5*z = 4*x - 12. Let u = -16 - 5. Let i = z - u. What are the prime factors of i?
3, 7
Let r = -164 - -576. List the prime factors of r.
2, 103
Let l = 1 - -6. Suppose 10*n - 294 = l*n. List the prime factors of n.
2, 7
List the prime factors of 3 + (0 - -1)/((-6)/(-7692)).
5, 257
Suppose 0 = -3*b - 6, 0 = -3*w - b - 0*b + 871. List the prime factors of w.
3, 97
Suppose 4*h + 24396 = 23*h. What are the prime factors of h?
2, 3, 107
Let u(h) = 42*h - 18. Let q(z) = 12*z - 5. Let p(j) = 18*q(j) - 5*u(j). Let i be p(-2). What are the prime factors of (0 + i)*64/(-24)?
2
Let c = 11 - 7. Suppose c*k - 15 = -3. Suppose 7 + 74 = k*a. What are the prime factors of a?
3
Let o(s) = s**3 - 30*s**2 - 20*s - 60. List the prime factors of o(31).
281
Let l = 10 - 7. Suppose 0*v = -l*v. Suppose -3*u - 139 = -4*b, -4*b + v*u + 157 = 3*u. What are the prime factors of b?
37
Let r(z) = 158*z - 352. List the prime factors of r(13).
2, 23, 37
Suppose 0*n = l + 3*n - 29, -135 = -3*l + 3*n. Let z = l - -79. List the prime factors of z.
2, 3, 5
Let a be 18/6 + (-2 - 4). Let i be (2 - a)/(-4 + 5). Suppose -3*c = n - 10, -i*n - 8 + 71 = 2*c. List the prime factors of n.
13
Suppose 15 = 3*z + 63. Let r = z + 12. Let m(b) = -2*b + 1. List the prime factors of m(r).
3
Suppose -8 = -3*p + 10. Suppose -h - 3*h + 2*s = 12, 4*s - 15 = 5*h. What are the prime factors of p*(-1 - (h + -3))?
2, 3, 5
Let y = -123 + 206. Suppose 0*s + 4*s - c - 99 = 0, 3*s = -c + y. List the prime factors of s.
2, 13
Let b(k) = -k**3 - 11*k**2 + 14*k + 2. Let q be b(-12). Let a(t) = -t**2 - 9*t - 2. Let u be a(-11). Let r = q - u. List the prime factors of r.
2
Suppose 5*a - 3*a - 9 = 3*q, -4*q = -20. Suppose a*j = 10*j + 204. What are the prime factors of j?
2, 3, 17
Suppose 3280 = 4*c - 3264. What are the prime factors of c?
2, 409
Suppose -6*z = -11*z + 315. Let c = -19 + z. What are the prime factors of c?
2, 11
Let l(f) = -6*f**3 - 2*f**2 - 1. Suppose 22 - 10 = -4*i. List the prime factors of l(i).
11, 13
Let n(h) = -460*h**3 - 4*h**2 - 6*h - 1. List the prime factors of n(-1).
461
Let s(u) = u + 1. Let l be s(-1). Let q(g) = -2*g**2 + 5*g + 32. Let v be q(-4). What are the prime factors of (-76)/v*(l + 5)?
19
Suppose 346 = 9*x + 2272. Let k = -140 - x. What are the prime factors of k?
2, 37
Let j be (0 - 1236/8)*(-4)/3. Suppose l - 340 = -5*v, -3*v - l + j = -0*v. List the prime factors of v.
67
Let r = -3 + 5. Let z be (r + -1)/(8/104). Let i = 29 - z. List the prime factors of i.
2
Suppose 15*b = 3*b - 12. List the prime factors of b*(-205 + 4)*(-6)/(-9).
2, 67
Let m be (37 + -13)/(4/(-6)). List the prime factors of -1*(-4)/(-8)*m.
2, 3
Let s = 1593 + -602. List the prime factors of s.
991
Suppose -2*k + k = -49. Let c = 109 - k. Let h = -19 + c. What are the prime factors of h?
41
Let v(s) = s**3 - s**2 - 4*s + 6. What are the prime factors of v(5)?
2, 43
List the prime factors of (((-12224)/10)/(-8))/((-6)/(-15)).
2, 191
Let i be (-10)/(-3)*(-3)/(-1). Suppose 0 = -2*u + 5*q - i, -2*u = -q - 2*q + 6. Let y(a) = -a**2 - a + 7. What are the prime factors of y(u)?
7
Suppose -n + 5344 = 3*l, -4*n = l - 2493 + 708. List the prime factors of l.
13, 137
Let w = -739 + 490. What are the prime factors of w/(-6) - 9/18?
41
Let t = 60 + -113. Let s = t - -121. What are the prime factors of s?
2, 17
Let k be (-4 - 44/(-10))*15. Let t(x) = 8*x + 9. Let o be t(k). Let v = o + -20. List the prime factors of v.
37
Let d(l) = -3*l**2 + 7*l + 2. Let z(b) = 16*b**2 - 35*b - 11. Let n(j) = 11*d(j) + 2*z(j). Let g be ((-1)/(-5) - -1)*5. List the prime factors of n(g).
2, 3
Let c(a) = -a. Let s be c(-4). Suppose 3*p - s = p. Suppose 3*n = -3*u + 24, p*n + 6*u = u + 7. List the prime factors of n.
11
Let l(t) = -10*t**2 - 12*t - 4 - 2 + 2 + t**3 + 3. Let r be l(12). Suppose 1 = 4*u - r. List the prime factors of u.
2, 3
Suppose 3*c - 8*k - 7573 = -3*k, 4*k + 2522 = c. List the prime factors of c.
2, 3, 421
Let s = 1065 - 237. What are the prime factors of s?
2, 3, 23
Let f = 29 - 30. What are the prime factors of -4 + (-2 - (f - 52))?
47
Let l = -1378 - -2005. What are the prime factors of l?
3, 11, 19
Let k be 4 - (4*142)/(-2). Let y = 453 - k. List the prime factors of y.
3, 5, 11
Let n(t) = -t**3 - 4*t**2 - 6*t - 6. Let b be n(-3). Suppose b*o = -2*o + 620. What are the prime factors of o?
2, 31
Let m = 45 - 43. Suppose -m*b - 10 = -4*b. List the prime factors of b.
5
Let c(t) = 49*t + 1. Suppose -u - 9 = m, -2*m + 2*u = -11 + 45. Let o be m/52 + 10/8. What are the prime factors of c(o)?
2, 5
Let t(h) = h - 10. Let f = 27 - 13. Let a be t(f). Suppose -2*i + 52 = 2*q, 3*i + 114 = a*q + 2*i. What are the prime factors of q?
2, 7
What are the prime factors of (1*-2031)/(3 - (-45)/(-10))?
2, 677
Let h(m) = -m**3 - m + 2. Let g be h(0). Let u(k) = g*k - 5*k - 4*k + 2. What are the prime factors of u(-1)?
3
Let q(y) = y**3 + 16*y**2 + 22*y - 24. Let n be q(-13). Let m = n - 35. What are the prime factors of m?
2, 3
List the prime factors of (-135796)/(-85) + 2/5.
2, 17, 47
Let h be 2/(